 factor of 147 and 25103729?
49
Calculate the highest common factor of 54254613 and 1176.
147
What is the highest common factor of 156 and 102545924?
52
Calculate the highest common factor of 9223 and 33333927.
401
Calculate the highest common divisor of 14435345 and 2867000.
14335
What is the highest common factor of 946 and 4307314?
22
What is the highest common divisor of 133891 and 1092859?
701
Calculate the highest common divisor of 56 and 234278688.
56
What is the highest common factor of 325509678 and 56862?
6318
What is the highest common factor of 77 and 2117255?
7
What is the greatest common divisor of 80512 and 1416508?
2516
What is the highest common factor of 152645406 and 3180?
318
Calculate the highest common factor of 16907720 and 14440.
760
Calculate the greatest common factor of 1813562 and 744.
62
Calculate the highest common factor of 28 and 31143889.
7
Calculate the greatest common factor of 101158 and 2967696.
74
What is the greatest common factor of 27 and 105598539?
27
Calculate the greatest common factor of 12088540 and 20.
20
Calculate the highest common divisor of 6 and 144850.
2
What is the highest common divisor of 338520093 and 304?
19
What is the highest common divisor of 770754 and 126768?
114
What is the greatest common factor of 2769284 and 6532?
284
What is the highest common divisor of 2008399 and 443600?
1109
Calculate the highest common divisor of 2 and 131287626.
2
Calculate the highest common divisor of 2171892 and 804.
12
Calculate the greatest common factor of 13764 and 455692.
148
Calculate the greatest common divisor of 279 and 8932158.
9
What is the greatest common factor of 415245 and 11965?
5
What is the greatest common divisor of 42 and 1100634?
6
Calculate the greatest common divisor of 8579 and 9437273.
373
Calculate the greatest common divisor of 11745773 and 49348.
949
What is the greatest common divisor of 50947392 and 1494?
498
Calculate the greatest common divisor of 108882 and 13460340.
1578
What is the greatest common divisor of 1123952 and 1168528?
3184
Calculate the greatest common divisor of 234 and 22468563.
117
Calculate the highest common factor of 182 and 94588.
26
What is the highest common factor of 19420 and 23564228?
3884
Calculate the greatest common divisor of 178126 and 1292018.
806
Calculate the highest common divisor of 228549 and 111257.
71
Calculate the greatest common divisor of 4020 and 122490.
30
What is the highest common factor of 2408 and 42819000?
56
Calculate the greatest common factor of 133879700 and 310.
310
What is the highest common divisor of 29678 and 241186?
418
Calculate the highest common factor of 109032 and 16566.
66
What is the greatest common factor of 30459 and 9672?
39
Calculate the greatest common divisor of 587 and 103074265.
587
What is the greatest common factor of 40 and 174849660?
20
What is the highest common factor of 2845661 and 3913?
91
Calculate the highest common divisor of 13870838 and 428.
214
What is the greatest common factor of 617526598 and 51?
17
What is the highest common divisor of 788736 and 4736?
128
What is the highest common factor of 57016 and 19968?
8
What is the highest common factor of 10 and 1109342?
2
Calculate the highest common divisor of 140592 and 3228.
12
Calculate the greatest common factor of 23385 and 70635.
15
What is the highest common divisor of 4438 and 2571187?
317
Calculate the greatest common factor of 511793160 and 80.
40
What is the greatest common factor of 449199 and 2489?
131
Calculate the greatest common divisor of 2491444472 and 5368.
5368
Calculate the highest common divisor of 62071827 and 292.
73
Calculate the highest common factor of 182105 and 117733.
847
Calculate the highest common factor of 37 and 4633991.
37
What is the highest common divisor of 88 and 421967008?
8
Calculate the highest common divisor of 1460 and 354215.
5
What is the greatest common divisor of 405345 and 1924245?
915
What is the greatest common factor of 4394510 and 821332?
3838
What is the highest common divisor of 80644214 and 56?
14
Calculate the greatest common factor of 55952 and 40976.
208
Calculate the greatest common divisor of 86955253 and 77.
77
What is the highest common factor of 51200 and 859520?
640
Calculate the greatest common factor of 138009103 and 19.
19
Calculate the greatest common divisor of 177920 and 6188975.
695
Calculate the greatest common factor of 513027704 and 1272.
424
Calculate the highest common divisor of 20 and 5447420.
20
What is the highest common factor of 21 and 1098587?
7
Calculate the highest common factor of 151563979 and 63.
7
Calculate the greatest common factor of 166272579 and 1386.
99
What is the greatest common divisor of 15 and 134242185?
15
What is the highest common divisor of 17954222 and 2704?
338
Calculate the greatest common factor of 206028441 and 15012.
3753
Calculate the greatest common divisor of 91540 and 58669180.
3980
What is the greatest common divisor of 37128 and 115570?
182
Calculate the highest common divisor of 9037408 and 108128.
3488
What is the greatest common divisor of 18483 and 681?
3
What is the greatest common divisor of 240 and 101507190?
30
Calculate the greatest common factor of 6191532 and 12.
12
What is the greatest common divisor of 63441280 and 1445?
1445
Calculate the highest common divisor of 245068 and 174739.
197
Calculate the greatest common divisor of 273509 and 5710.
571
Calculate the greatest common factor of 2 and 33194534.
2
What is the greatest common factor of 114590567 and 49?
49
Calculate the greatest common divisor of 113027760 and 45108.
6444
What is the greatest common divisor of 47809079 and 1079?
83
Calculate the greatest common factor of 5018 and 17278.
2
What is the highest common divisor of 2791382684 and 4?
4
What is the greatest common factor of 436 and 28926311?
109
What is the greatest common divisor of 593 and 956023333?
593
What is the highest common divisor of 1680 and 6823600?
560
Calculate the highest common factor of 10 and 158276.
2
What is the greatest common divisor of 325 and 81975?
25
What is the highest common divisor of 7729629 and 14001?
1077
What is the highest common factor of 39 and 153579?
3
What is the greatest common factor of 13114500 and 7560?
420
What is the highest common factor of 49296 and 5928624?
624
What is the greatest common factor of 11 and 2555182949?
11
What is the highest common factor of 6818604 and 260?
52
Calculate the highest common factor of 27550 and 536674.
1102
What is the highest common factor of 11373792 and 4704?
96
Calculate the greatest common divisor of 14989256 and 164.
4
Calculate the greatest common factor of 31906560 and 304.
16
What is the greatest common factor of 437797 and 83021?
61
Calculate the highest common divisor of 181850512 and 1644.
548
Calculate the highest common divisor of 9687 and 17265463.
3229
Calculate the greatest common divisor of 27614145 and 48880.
3055
What is the highest common factor of 105 and 236195?
5
Calculate the highest common factor of 1022 and 6372754.
146
What is the highest common divisor of 90378964 and 97382?
4234
Calculate the highest common factor of 20567200 and 188.
188
Calculate the highest common divisor of 740486739 and 93.
93
Calculate the highest common divisor of 36104698 and 728.
14
Calculate the highest common divisor of 16891 and 59326018.
2413
Calculate the highest common divisor of 4602611 and 104.
13
Calculate the highest common divisor of 1434188 and 34846.
1834
What is the highest common divisor of 32998 and 46424?
14
What is the greatest common factor of 1568 and 7678496?
1568
What is the highest common divisor of 247954538 and 2479?
2479
Calculate the greatest common factor of 35724 and 16805852.
916
Calculate the highest common divisor of 6048 and 1120672.
224
Calculate the greatest common divisor of 370 and 8574602.
74
Calculate the greatest common factor of 7181 and 2586321.
43
Calculate the greatest common divisor of 456335 and 217305.
55
What is the greatest common divisor of 43373211 and 3801?
3801
Calculate the greatest common divisor of 215137 and 272422.
1273
Calculate the greatest common factor of 43475916 and 94149.
10461
Calculate the greatest common factor of 675 and 1861065.
45
Calc